 1618380?
True
Is 205 a factor of 2599000?
False
Is 146951 a multiple of 11?
False
Does 15 divide 433530?
True
Is 4 a factor of 946768?
True
Is 66 a factor of 2193246?
True
Is 35 a factor of 3127746?
False
Is 366565 a multiple of 72?
False
Is 436 a factor of 62348?
True
Is 10879932 a multiple of 1596?
True
Does 79 divide 83180?
False
Is 22 a factor of 186516?
True
Is 401 a factor of 361002?
False
Is 6 a factor of 658128?
True
Does 21 divide 42012?
False
Is 10 a factor of 1105?
False
Is 576 a factor of 2776417?
False
Is 3884582 a multiple of 13?
True
Does 343 divide 18137497?
True
Is 1634587 a multiple of 23?
True
Is 27 a factor of 456600?
False
Does 887 divide 11317233?
True
Is 1016 a factor of 4367258?
False
Is 5961884 a multiple of 449?
False
Is 645270 a multiple of 411?
True
Does 96 divide 147840?
True
Is 335892 a multiple of 138?
True
Is 87234 a multiple of 6?
True
Is 13 a factor of 210041?
True
Is 7 a factor of 990171?
True
Is 68 a factor of 8664663?
False
Is 26 a factor of 657020?
True
Is 206360 a multiple of 193?
False
Does 160 divide 3258880?
True
Is 863 a factor of 1009710?
True
Is 424097 a multiple of 26?
False
Does 76 divide 380208?
False
Is 632783 a multiple of 191?
True
Does 12 divide 80388?
True
Is 28 a factor of 59461?
False
Is 1439921 a multiple of 11?
False
Is 14 a factor of 46158?
True
Does 342 divide 1954872?
True
Is 4050486 a multiple of 22?
True
Is 1051744 a multiple of 368?
True
Does 29 divide 31378?
True
Is 199 a factor of 993620?
False
Does 24 divide 470448?
True
Does 11 divide 4769442?
False
Does 45 divide 1087785?
True
Is 2134746 a multiple of 17?
False
Does 8 divide 682639?
False
Is 35 a factor of 1116193?
False
Does 9 divide 210568?
False
Does 860 divide 832480?
True
Is 681297 a multiple of 41?
True
Is 87 a factor of 240468?
True
Does 11 divide 57784?
False
Is 109074 a multiple of 44?
False
Is 1903 a factor of 27484473?
False
Is 12 a factor of 52608?
True
Is 543577 a multiple of 6?
False
Is 129775 a multiple of 3?
False
Is 3391101 a multiple of 63?
True
Is 72 a factor of 14737596?
False
Does 306 divide 6745770?
True
Is 27143 a multiple of 18?
False
Is 113973 a multiple of 592?
False
Does 77 divide 346500?
True
Is 6 a factor of 4328193?
False
Is 73710 a multiple of 13?
True
Does 19 divide 37525?
True
Is 529 a factor of 13326538?
False
Is 66 a factor of 18412?
False
Does 782 divide 494050?
False
Does 352 divide 750141?
False
Is 3209123 a multiple of 23?
False
Is 244131 a multiple of 7?
False
Is 16 a factor of 158320?
True
Does 8 divide 594121?
False
Does 23 divide 273447?
True
Is 33 a factor of 582260?
False
Is 21 a factor of 152334?
True
Does 14 divide 101752?
True
Is 17 a factor of 215526?
True
Does 42 divide 599392?
False
Does 22 divide 7217232?
True
Is 4 a factor of 1746?
False
Is 15 a factor of 14133?
False
Is 11 a factor of 390428?
False
Does 106 divide 3666?
False
Is 3027552 a multiple of 48?
True
Does 21 divide 266977?
False
Does 12 divide 31236?
True
Is 9533905 a multiple of 16?
False
Is 64 a factor of 77952?
True
Is 181 a factor of 18640?
False
Does 548 divide 1437404?
True
Does 192 divide 471552?
True
Is 72 a factor of 284184?
True
Does 77 divide 23716?
True
Is 30690 a multiple of 10?
True
Does 1588 divide 18296978?
False
Does 420 divide 314841?
False
Does 13 divide 541653?
False
Is 4139193 a multiple of 5?
False
Is 14 a factor of 3609592?
True
Is 134 a factor of 148070?
True
Does 80 divide 680800?
True
Does 25 divide 20642?
False
Does 284 divide 184600?
True
Is 2072428 a multiple of 1739?
False
Does 11 divide 287359?
False
Does 6 divide 667386?
True
Does 358 divide 3240616?
True
Does 28 divide 16909200?
True
Is 6 a factor of 63636?
True
Is 168568 a multiple of 34?
False
Is 4704 a multiple of 28?
True
Is 21 a factor of 371280?
True
Is 4 a factor of 721470?
False
Is 180 a factor of 3053160?
True
Does 26 divide 2231967?
False
Does 13 divide 99710?
True
Is 1169 a factor of 6131791?
False
Is 239408 a multiple of 104?
True
Is 5820295 a multiple of 151?
True
Does 13 divide 11264754?
False
Is 12 a factor of 40560?
True
Does 384 divide 4856448?
True
Does 59 divide 4030703?
True
Is 117574 a multiple of 4?
False
Is 6 a factor of 128008?
False
Is 27 a factor of 437507?
False
Is 314889 a multiple of 38?
False
Is 28022591 a multiple of 331?
False
Is 1391377 a multiple of 15?
False
Is 99 a factor of 138105?
True
Does 59 divide 1371573?
True
Does 11 divide 4174093?
True
Is 638225 a multiple of 165?
False
Is 52 a factor of 203320?
True
Is 177728 a multiple of 67?
False
Is 1537738 a multiple of 6?
False
Does 26 divide 72072?
True
Is 51118 a multiple of 122?
True
Is 6784098 a multiple of 37?
True
Does 72 divide 13896?
True
Does 45 divide 3455261?
False
Is 253 a factor of 95128?
True
Is 7786278 a multiple of 65?
False
Does 71 divide 57787?
False
Is 55 a factor of 51842?
False
Is 878713 a multiple of 407?
True
Does 3 divide 1042971?
True
Is 20 a factor of 21320?
True
Is 20 a factor of 731089?
False
Does 179 divide 157520?
True
Is 10 a factor of 3528200?
True
Does 270 divide 159010?
False
Is 3133980 a multiple of 757?
True
Is 1457716 a multiple of 442?
True
Is 266588 a multiple of 28?
True
Is 687973 a multiple of 143?
True
Is 649902 a multiple of 11?
True
Is 4305 a multiple of 7?
True
Is 214396 a multiple of 38?
True
Is 35 a factor of 190358?
False
Is 29 a factor of 89064?
False
Is 132547 a multiple of 51?
False
Is 284 a factor of 78197?
False
Is 656721 a multiple of 18?
False
Is 25 a factor of 71215?
False
Is 1483706 a multiple of 64?
False
Is 175 a factor of 2376500?
True
Is 48 a factor of 319927?
False
Is 5429221 a multiple of 24?
False
Is 406941 a multiple of 128?
False
Is 44 a factor of 4561873?
False
Does 22 divide 101728?
True
Is 6894273 a multiple of 69?
True
Is 146640 a multiple of 235?
True
Is 29248 a multiple of 6?
False
Is 86 a factor of 7532568?
True
Is 56505 a multiple of 131?
False
Is 3980532 a multiple of 991?
False
Is 344747 a multiple of 16?
False
Is 156 a factor of 160159?
False
Is 9 a factor of 24912?
True
Does 190 divide 570950?
True
Is 58 a factor of 743850?
True
Does 12 divide 416748?
True
Is 844 a factor of 4615075?
False
Is 3227494 a multiple of 20?
False
Does 255 divide 4694295?
True
Does 106 divide 100702?
False
Does 10 divide 315999?
False
Is 359 a factor of 1064794?
True
Is 23 a factor of 781235?
False
Is 32916624 a multiple of 221?
True
Is 1959352 a multiple of 17?
True
Does 6 divide 256207?
False
Does 99 divide 2103785?
False
Is 81 a factor of 17202051?
True
Is 470360 a multiple of 41?
False
Is 103124 a multiple of 254?
True
Does 124 divide 5305216?
True
Is 230736 a multiple of 92?
True
Is 99012 a multiple of 444?
True
Is 173 a factor of 10859746?
False
Is 7 a factor of 976753?
False
Does 83 divide 536813?
False
Is 431618 a multiple of 23?
True
Is 5920782 a multiple of 366?
True
Does 119 divide 429220?
False
Is 3910185 a multiple of 15?
True
Is 1541572 a multiple of 32?
False
Does 261 divide 134937?
True
Does 118 divide 220542?
True
Does 84 divide 3463602?
False
Does 210 divide 5636610?
True
Is 1356264 a multiple of 378?
True
Is 32 a factor of 222188?
False
Does 304 divide 1858048?
True
Is 21 a factor of 6130?
False
Is 81 a factor of 238312?
False
Is 3 a factor of 74100?
True
Is 2 a factor of 18768?
True
Does 540 divide 1295865?
False
Is 45 a factor of 231403?
False
Does 15 divide 25245?
True
Does 427 divide 375884?
False
Is 4937216 a multiple of 64?
True
Is 177588 a multiple of 36?
True
Does 72 divide 784455?
False
Is 18195 a multiple of 4?
False
Does 989 divide 323866?
False
Is 17 a factor of 493068?
True
Is 9543194 a multiple of 347?
True
Is 122 a factor of 11165440?
True
Is 289420 a multiple of 58?
True
Is 2441666 a multiple of 45?
False
Is 189345 a multiple of 30?
False
Is 73 a factor of 2397025?
False
Is 170144 a multiple of 13?
True
Is 356 a factor of 10029232?
True
Is 131240 a multiple of 10?
True
Is 14 a factor of 642833?
False
Is 8 a factor of 9916661?
False
Is 544309 a multiple of 2?
False
Is 8330 a multiple of 85?
True
Does 54 divide 127580?
False
Is 76 a factor of 45296?
True
Is 245 a factor of 6928688?
False
Is 119920 a multiple of 16?
True
Is 3574195 a multiple of 36?
False
Is 72 a factor of 98688?
False
Is 20 a factor of 1019708?
False
Is 33 a factor of 25410?
True
Is 5 a fact